rime factors of 6360585.
3, 5, 7, 11, 5507
List the prime factors of 12543701.
12543701
List the prime factors of 1265132.
2, 11, 28753
List the prime factors of 22452032.
2, 29, 12097
What are the prime factors of 76975?
5, 3079
List the prime factors of 93468.
2, 3, 7789
What are the prime factors of 448270?
2, 5, 23, 1949
What are the prime factors of 164532?
2, 3, 13711
List the prime factors of 104147.
104147
What are the prime factors of 1811725?
5, 72469
List the prime factors of 2713384.
2, 339173
What are the prime factors of 1208642?
2, 37, 16333
What are the prime factors of 3165803?
149, 21247
List the prime factors of 53746.
2, 7, 11, 349
What are the prime factors of 1171636?
2, 292909
List the prime factors of 15125758.
2, 7562879
What are the prime factors of 21632858?
2, 13, 677, 1229
What are the prime factors of 15548014?
2, 7774007
What are the prime factors of 2908930?
2, 5, 191, 1523
What are the prime factors of 12640?
2, 5, 79
List the prime factors of 2939542.
2, 71, 127, 163
List the prime factors of 149197.
149197
What are the prime factors of 280492?
2, 70123
What are the prime factors of 97867?
7, 11, 31, 41
What are the prime factors of 35049283?
35049283
List the prime factors of 505693.
505693
List the prime factors of 4892147.
13, 107, 3517
What are the prime factors of 1355508?
2, 3, 7, 11, 163
List the prime factors of 220709.
220709
What are the prime factors of 27427523?
23, 251, 4751
List the prime factors of 1316831.
1316831
What are the prime factors of 25957958?
2, 13, 29, 173, 199
What are the prime factors of 3462839?
3462839
List the prime factors of 3193070.
2, 5, 149, 2143
What are the prime factors of 287746?
2, 143873
List the prime factors of 12786008.
2, 59, 103, 263
List the prime factors of 1284509.
839, 1531
What are the prime factors of 6369009?
3, 19, 29, 3853
What are the prime factors of 50475?
3, 5, 673
What are the prime factors of 1253762?
2, 211, 2971
What are the prime factors of 7605858?
2, 3, 13, 97511
What are the prime factors of 10390402?
2, 11, 233, 2027
What are the prime factors of 57745?
5, 11549
What are the prime factors of 97317?
3, 11, 983
List the prime factors of 6542807.
17, 83, 4637
What are the prime factors of 5210804?
2, 1302701
What are the prime factors of 513707?
107, 4801
List the prime factors of 909468.
2, 3, 7, 401
What are the prime factors of 70098?
2, 3, 7, 1669
What are the prime factors of 33962906?
2, 17, 998909
What are the prime factors of 3569527?
13, 274579
List the prime factors of 288239.
7, 41177
What are the prime factors of 10519825?
5, 19, 22147
What are the prime factors of 4835288?
2, 604411
List the prime factors of 117022.
2, 58511
What are the prime factors of 341264?
2, 7, 11, 277
What are the prime factors of 1108294?
2, 11, 50377
What are the prime factors of 337067?
29, 59, 197
What are the prime factors of 178297?
7, 25471
What are the prime factors of 345207?
3, 23, 5003
List the prime factors of 32626506.
2, 3, 11, 494341
List the prime factors of 60140.
2, 5, 31, 97
List the prime factors of 5777460.
2, 3, 5, 13, 823
What are the prime factors of 55453?
23, 2411
What are the prime factors of 179027?
17, 10531
What are the prime factors of 827129?
827129
List the prime factors of 522149.
43, 12143
What are the prime factors of 396621?
3, 127, 347
What are the prime factors of 614347?
163, 3769
What are the prime factors of 3037693?
823, 3691
What are the prime factors of 9652630?
2, 5, 13, 41, 1811
What are the prime factors of 2821495?
5, 564299
List the prime factors of 1177773.
3, 47, 8353
List the prime factors of 9760635.
3, 5, 17, 4253
What are the prime factors of 36064?
2, 7, 23
List the prime factors of 1644553.
193, 8521
List the prime factors of 1273632.
2, 3, 13267
What are the prime factors of 11830960?
2, 5, 41, 3607
What are the prime factors of 377063?
127, 2969
What are the prime factors of 64735?
5, 11, 107
List the prime factors of 19772385.
3, 5, 631, 2089
List the prime factors of 107477.
31, 3467
List the prime factors of 857611.
293, 2927
List the prime factors of 5942317.
97, 61261
List the prime factors of 11098416.
2, 3, 7, 17, 29, 67
List the prime factors of 1531173.
3, 7, 17, 4289
What are the prime factors of 210675?
3, 5, 53
List the prime factors of 4237337.
13, 25073
What are the prime factors of 4832277?
3, 23, 59, 1187
What are the prime factors of 144118?
2, 13, 23, 241
List the prime factors of 365615.
5, 83, 881
What are the prime factors of 950536?
2, 131, 907
What are the prime factors of 8652454?
2, 1433, 3019
List the prime factors of 1139991.
3, 379997
List the prime factors of 255742.
2, 71, 1801
What are the prime factors of 15246311?
15246311
What are the prime factors of 12310522?
2, 7, 47, 53, 353
List the prime factors of 246942.
2, 3, 17, 269
List the prime factors of 342943.
241, 1423
List the prime factors of 200429.
37, 5417
What are the prime factors of 3482359?
607, 5737
List the prime factors of 2709017.
1451, 1867
What are the prime factors of 8054459?
7, 43, 26759
List the prime factors of 737785.
5, 147557
List the prime factors of 1534587.
3, 83, 6163
List the prime factors of 714226.
2, 181, 1973
What are the prime factors of 159931?
159931
What are the prime factors of 2909776?
2, 23, 7907
List the prime factors of 13674766.
2, 7, 17, 57457
List the prime factors of 269269.
7, 11, 13, 269
List the prime factors of 1777103.
1777103
List the prime factors of 3827807.
167, 22921
List the prime factors of 24776224.
2, 11, 59, 1193
List the prime factors of 576130.
2, 5, 17, 3389
List the prime factors of 845476.
2, 211369
List the prime factors of 552085.
5, 109, 1013
What are the prime factors of 145758?
2, 3, 17, 1429
What are the prime factors of 357456?
2, 3, 11, 677
What are the prime factors of 471962?
2, 367, 643
What are the prime factors of 72398?
2, 53, 683
What are the prime factors of 2160005?
5, 432001
What are the prime factors of 4206229?
89, 167, 283
List the prime factors of 3325425.
3, 5, 101, 439
List the prime factors of 8227699.
8227699
What are the prime factors of 3101690?
2, 5, 310169
List the prime factors of 7488569.
11, 199, 311
What are the prime factors of 1594645?
5, 13, 24533
What are the prime factors of 10693377?
3, 97, 1361
What are the prime factors of 74405?
5, 23, 647
List the prime factors of 2581707.
3, 860569
List the prime factors of 3454228.
2, 167, 5171
What are the prime factors of 28874?
2, 14437
What are the prime factors of 1806530?
2, 5, 11, 1493
What are the prime factors of 3062974?
2, 1531487
List the prime factors of 209407.
11, 19037
List the prime factors of 190565.
5, 38113
What are the prime factors of 15125949?
3, 281, 5981
What are the prime factors of 1568884?
2, 392221
List the prime factors of 2710185.
3, 5, 180679
What are the prime factors of 1269536?
2, 97, 409
What are the prime factors of 351422?
2, 29, 73, 83
List the prime factors of 1270486.
2, 7, 90749
List the prime factors of 452999.
17, 26647
What are the prime factors of 21516176?
2, 11, 122251
List the prime factors of 249708.
2, 3, 20809
What are the prime factors of 639046?
2, 19, 67, 251
List the prime factors of 7329706.
2, 19, 192887
What are the prime factors of 1823555?
5, 23, 101, 157
What are the prime factors of 1963754?
2, 13, 47, 1607
What are the prime factors of 314446?
2, 11, 14293
List the prime factors of 328830.
2, 3, 5, 97, 113
List the prime factors of 13567189.
433, 31333
List the prime factors of 3261677.
167, 19531
What are the prime factors of 1400453?
1400453
What are the prime factors of 1452599?
17, 85447
List the prime factors of 2641051.
7, 53899
What are the prime factors of 605067?
3, 139, 1451
What are the prime factors of 20536395?
3, 5, 11, 71, 1753
What are the prime factors of 146966?
2, 73483
What are the prime factors of 50718?
2, 3, 79, 107
List the prime factors of 415712.
2, 11, 1181
List the prime factors of 7464730.
2, 5, 7, 13, 631
List the prime factors of 1193378.
2, 23, 25943
List the prime factors of 974914.
2, 487457
List the prime factors of 1179955.
5, 7, 33713
What are the prime factors of 43698?
2, 3, 7283
List the prime factors of 733962.
2, 3, 122327
List the prime factors of 353924.
2, 23